s the value of -5 + (-11 - -7) - -3?
-6
Calculate (57 - 60) + 2 + 8.
7
Evaluate 3 + (3 - 5) + -3 - 0.
-2
What is the value of (1 - (-2 - -5)) + (-5 - -5)?
-2
What is -5 + (-6 - (-3 - 1)) + 5?
-2
What is the value of 6 - 5 - (1 - -1) - 8?
-9
What is the value of -3 + (-1 + -5 - -2) + 8?
1
Evaluate 4 - ((10 - 6) + -3).
3
Calculate -1 + 1 + (2 - -5) + -13.
-6
Evaluate 2 - 0 - -1 - (19 - 21).
5
What is 1 + 4 + 16 + -12?
9
Calculate (-6 - (4 + (-9 - 6))) + 2.
7
What is (2 - 0 - -4) + -8?
-2
What is the value of (7 - (-7 - -6)) + (-3 - 0)?
5
-2 + (-8 - -3) + 2
-5
What is the value of 2 - (4 + 0 + -5)?
3
(-4 + (5 - 5) - -1) + 7
4
4 + (0 - (-7 - -1)) - 3
7
Evaluate 1 + 3 - (-6 - -12) - 0.
-2
What is the value of -6 - (5 + 4 + -14)?
-1
(4 + -2 - 6) + 1
-3
1 + 0 + 1 - (0 + 2)
0
Evaluate -11 + 17 - 3 - 10.
-7
What is 0 + 2 + -1 + 4 + -6?
-1
Evaluate (-2 - -2) + -26 + 32 + -10.
-4
What is the value of 9 + -2 - (-11 + 11)?
7
What is -3 + 4 + -1 + -3?
-3
What is the value of (-2 - 1) + 1 - (-8 - -7)?
-1
0 + 1 + -4 + 5
2
Evaluate -3 - -3 - 0 - 3.
-3
What is the value of 3 + -2 + 0 + (-22 - -22)?
1
What is the value of -6 - (0 + -10 + 5)?
-1
Calculate 2 + -2 + -5 + -31 + 36.
0
Calculate 0 + -2 - (-6 + 5) - -4.
3
What is 107 + -108 - (-1 + 10)?
-10
What is 11 + (-9 - 23) + 12?
-9
Evaluate 7 + (-15 - -7) - (4 - 6).
1
Calculate 7 + -8 + -5 + 15.
9
Evaluate (1 - (-1 + 7)) + 5.
0
What is -18 + 6 - -11 - 1?
-2
What is the value of 2 + 5 + 1 + (-2 - 2)?
4
Evaluate 0 - (22 + -11 - (6 - 0)).
-5
Evaluate 9 + 1 + (-9 - -6).
7
What is (-10 - -9) + 5 + -2 - 5?
-3
Evaluate (15 - 12) + 1 + 0 + -2.
2
What is the value of -10 + 4 + 3 + 1?
-2
What is the value of 3 + (1 - 2) + -1 + 2?
3
Calculate -1 - 1 - (5 + (-2 - 3)).
-2
0 - -5 - (9 + 1)
-5
Calculate 3 - (-2 + (-2 - -2)).
5
1 + -5 + (-2 - (-5 + 0))
-1
Evaluate (-15 - -15) + (2 - -1) + -4.
-1
3 + -1 + 0 + 2 + -4
0
Calculate (6 - 2) + -5 + (8 - 3).
4
Evaluate 3 - ((-8 - 1) + 5 - -8).
-1
Calculate -4 - (4 + -7 - (-3 + 4)).
0
What is the value of 9 + -4 + -3 - (5 + -1)?
-2
What is 33 + -28 - (1 - -9 - 1)?
-4
What is the value of -6 - (0 + -3 + 2)?
-5
3 + 0 - (15 + -8 - 3)
-1
Calculate -3 - (-1 - -2) - (-8 - -9).
-5
Evaluate 9 - 7 - (2 + 2).
-2
(1 - -3) + (-1 - 4)
-1
-1 - (-6 + -1) - (-19 - -19)
6
What is the value of (-7 - (0 - 0)) + 8?
1
Calculate 4 + (-5 - (3 + -7)).
3
Calculate 8 + 0 + (-31 - -19) + 6.
2
1 + 0 - ((-5 - -1) + 7)
-2
6 + (-13 - (1 + -2 + 2))
-8
Evaluate 3 + -1 + -14 + 11.
-1
What is the value of 2 + -1 + (2 - 0)?
3
Evaluate 6 + -1 - (3 - 2).
4
What is the value of -8 - (7 - (-10 - -20))?
-5
Evaluate 10 - 9 - (-6 + 2).
5
4 - 11 - (1 + (1 - 4))
-5
Calculate 0 + -2 - 0 - -3 - 3.
-2
What is the value of 1 - -1 - (-6 + (15 - 7))?
0
Evaluate -5 - (3 - -1 - 7).
-2
What is the value of 0 - 2 - (26 + -24)?
-4
What is the value of -6 - (-7 + 5) - (-6 + 1)?
1
Evaluate -10 + 5 + -2 - -4.
-3
What is (-88 - -87) + (-1 - (-4 + 1))?
1
What is 6 - (11 - 2) - -5?
2
What is 5 - -3 - (-6 - -19)?
-5
Calculate -22 - -16 - (-5 - 0).
-1
Calculate 4 + (-5 - -3) + -1.
1
(1 - 13 - -4) + 5
-3
Evaluate -6 + 5 + 11 - 2.
8
Calculate 12 - (10 - -3 - -6).
-7
Calculate -4 - (-1 + -10 + 1).
6
What is the value of -60 + 52 + (1 - -3)?
-4
What is the value of 2 + (-1 - 6) + 15?
10
0 + -4 + 2 + 3
1
What is the value of (-3 - -9) + 6 + -14?
-2
What is the value of 0 + 0 + -20 + 20 + 3?
3
Evaluate 2 + (-2 - 0) + 1 - 2.
-1
Evaluate (-2 - -4) + (4 - (4 + -2)).
4
-9 + 9 + (9 - 2)
7
What is the value of (3 - 6) + (0 - (2 + -8))?
3
What is the value of 11 + (15 - 33) + (2 - 0)?
-5
What is the value of 5 + (-2 - (11 - (-2 - -4)))?
-6
Evaluate 0 - 1 - (-4 - -2).
1
What is -1 + -1 - (-15 - -13)?
0
(-3 - 3) + 5 + (1 - 3)
-3
1 - (-6 + 9 + -3)
1
What is the value of -14 + 10 - (1 - 7)?
2
What is -7 + (0 - (-3 + (-1 - -2)))?
-5
What is -13 + 15 + 0 + 0?
2
Calculate 2 - (14 + -2 + -9).
-1
Calculate (0 - -5) + -2 + -5 - -5.
3
Evaluate -18 + 4 + 2 - -4.
-8
7 + 3 + (14 - 16)
8
What is the value of -2 - (-3 + -2 + 4)?
-1
What is -4 + (9 - 1) + -6 + 4?
2
Evaluate (-3 - 0) + 1 + -1 + -1.
-4
What is (-4 - (0 + -3)) + 0 + 0?
-1
-5 - (-1 - (1 + 3))
0
Evaluate 4 - (-4 + (2 - 1)) - 11.
-4
Evaluate (11 - -4 - 11) + 4.
8
What is -3 - -13 - (-1 + (1 - -5))?
5
Calculate 3 - (2 + -4 - (2 + -2)).
5
What is (5 - 2) + -3 - (-10 - -4)?
6
What is the value of -1 - (-5 - (-1 - 5) - -4)?
-6
(-2 - 0) + -4 + 2 - -7
3
Evaluate 17 - 14 - (-1 + 2).
2
3 + (7 + -10 - -3)
3
-3 + 8 + -3 + -4
-2
Calculate -9 + (9 + -1 - 2).
-3
What is 0 + -1 - (3 + -1)?
-3
(7 - (-5 - (3 - 13))) + -2
0
What is 11 + (-10 - -8) + (2 - 9)?
2
Calculate (-1 - 0) + (1 - (4 + -1)).
-3
What is (-2 - -3) + (-9 - -5)?
-3
2 + (2 - -4 - 4)
4
What is 5 - 11 - (-18 + 1)?
11
Calculate (-5 - 0) + -48 + 53 + -1.
-1
Evaluate -12 + 7 - -2 - -4.
1
What is -43 + 41 - (-1 + -6)?
5
Evaluate -3 - 2 - (7 + -12).
0
What is (-7 - -13 - -9) + -7?
8
Evaluate (1 - (0 + -1 + 1)) + 2.
3
Evaluate (-4 - -4 - 2) + 1 - -6.
5
Evaluate (6 - (0 - 2)) + -4.
4
What is 9 - 9 - (0 - (-7 + 2))?
-5
What is (-4 - (2 - 4 - 0)) + 1?
-1
Calculate -4 + 1 + 43 + -39.
1
Calculate 1 - -11 - (-13 + 5 + 16).
4
What is the value of 1 - (1 + (4 - 8) + 3)?
1
What is -4 - (2 - 13) - 6?
1
10 - 2 - (-1 + 2)
7
What is the value of 6 + -2 + (10 + -4 - 5)?
5
What is the value of (1 - (-2 + 5)) + 8?
6
What is 9 + -14 + (-1 - 0) + 10?
4
What is (-3 + 6 - 1) + 3 + -1?
4
-1 + (-3 - 6 - -17)
7
What is -14 + 18 + -1 + -8?
-5
Evaluate 0 + (-1 - -2 - -1).
2
(-7 - 5 - -4) + 6
-2
9 + -2 + -6 - -5
6
What is the value of 2 - (7 - (4 - -1))?
0
What is the value of -2 - 11 - (-36 - -17)?
6
(3 - -1) + 3 + -9 + 1
-1
Evaluate -12 - -9 - -7 - (1 + 2).
1
What is the value of -2 - (-1 + (4 - 1))?
-4
Calculate -1 + (-1 - -4) - 4.
-2
What is the value of -9 + (-7 - (3 - 17)) + -2?
-4
Evaluate 0 + (2 - -6 - (3 - 0)).
5
Evaluate -3 + 0 - (1 + 3 - 2).
-5
What is (5 - 1 - (-25 - -23)) + -2?
4
What is the value of 13 - 19 - (1 - 8)?
1
Evaluate -24 + 29 - (1 + -3) - 7.
0
Evaluate 2 + 2 - (-5 + -2 + 7).
4
What is 2 + 1 - -7 - 14?
-4
Evaluate 6 - 14 - -12 - (-2 - -1).
5
11 + -7 - (2 + -2) - 5
-1
Evaluate -5 + 7 + 2 + -12.
-8
Calculate -4 + (7 - (-4 + 2 + 8)).
-3
2 + (5 - (1 + 6)) + -4
-4
Calculate -1 + 3 + -3 + -2 + 8.
5
2 - ((3 + -5 - -2) + 1)
1
What is -4 + -4 + -1 + 14 - 4?
1
What is the value of -3 + (-2 + 1 - 0) + 2?
-2
Evaluate (-4 + -2 - -4) + (0 - -3).
1
Calculate 6 + -1 + (-4 - (-5 - -3)).
3
0 - -3 - (-3 + 6 + 6)
-6
What is 11 - 3 - 5 - (-1 + -1)?
5
What is the value of 0 - (2 - 1) - -1 - 4?
-4
-10 - 2 - (-4 + -18 - -16)
-6
What is -5 - (-3 - (-4 + 7)) - -1?
2
What is the value of -7 - (-12 - (2 + -6))?
1
What is the value of -3 - (1 - (3 - -1) - -5)?
-5
What is the value of (2 - (-8 + 8 + -4)) + 0?
6
What is the value of 8 + (9 - 17) + 1?
1
5 - (20 + -5 - 7)
-3
What is -4 - 4 - (-6 + 1)?
-3
What is the value of 0 - (4 - 8 - (2 + -1))?
5
What is 10 + -11 - (-2 - -7)?
-6
Calculate -2 + (0 - (-3 - (-1 + -1))).
-1
What is the value of -4 + -15 + 10 - -2?
-7
What is the value of (-1 - -2) + (3 - 3) - 5?
-4
What is (3 - 4) + (-5 - -1 - -3)?
-2
Calculate -2 + -4 + (7 - 6).
-5
What is (-3 - -4) + 5 + -2?
4
Evaluate 6 + (-6 - (-1 - 2)).
3
(-2 - -10) + (15 - 24)
-1
What is the value of -5 + (-2 + 3 - (-11 + 14))?
-7
What is the value of (0 - -1) + 0 - (0 + -4)?
5
Calculate 6 + -4 + (10 - 13).
-1
Calculate -6 - (0 + -2 + 1 + -3).
-2
What is -1 + 5 - (-17 + 15 - 1)?
7
What is 3 + (7 + -13 - -6) + -6?
-3
What is the value of -2 + 3 + -2 - (-5 - 0)?
4
What is -1 + (0 - -2) - (-7 - -10)?
-2
Calculate -6 + (-2 - (-4 + (4 - 5))).
-3
Calculate -3 - (-5 + 3 - (1 - 0)).
0
Evaluate -18 + 3 + (-11 - -18).
-8
-3 - ((-4 - -1) + 2 + 3)
-5
Evaluate 0 + 5 - -2 - 2.
5
(-2 - (-5 + 0)) + -4
-1
What is the value of (3 - (-2 + -2 + 5)) + -2?
0
Evaluate (-5 + 6 - -4) + -14 + 4.
-5
What is the value of (-2 + 13 - 3) + -16 + 11?
3
What is (-3 - -3) + 7 + -15 + -3?
-11
2 + -2 + (-5 - -1)
-4
What is 1 + (-11 - -6) - -1?
-3
Evaluate (-1 - (-1 + 5 + 0)) + 1.
-4
What is (8 - 1) + -28 + 28?
7
What is -2 - (-22 - -13) - (-1 + 4)?
4
What is the value of 1 + -4 - (-1 - 0 - -3)?
-5
What is (-3 + 4 - 4 - -8) + -6?
-1
7 + (-3 - 0) + -3 + -3
-2
What is the value of -2 - (0 + 3) - -7?
2
Calculate 4 - (39 + -42 - (1 - 8)).
0
Calculate 5 + 